hat is the remainder when 352186 is divided by 351322?
864
Calculate the remainder when 40466226 is divided by 82753.
9
Calculate the remainder when 634271 is divided by 105711.
5
Calculate the remainder when 935073 is divided by 972.
9
Calculate the remainder when 2047606775 is divided by 1432.
1431
What is the remainder when 44804 is divided by 3980?
1024
What is the remainder when 1744739 is divided by 3612?
143
Calculate the remainder when 476418 is divided by 68.
10
Calculate the remainder when 298421490 is divided by 99473829.
3
Calculate the remainder when 60058 is divided by 600.
58
What is the remainder when 62537 is divided by 2762?
1773
What is the remainder when 939445 is divided by 939433?
12
What is the remainder when 91555 is divided by 274?
39
Calculate the remainder when 973737 is divided by 324578.
3
Calculate the remainder when 29591693 is divided by 2266.
2265
What is the remainder when 837691 is divided by 1585?
811
Calculate the remainder when 10937678 is divided by 2827.
15
What is the remainder when 4659664 is divided by 1463?
9
What is the remainder when 65416348 is divided by 150?
148
What is the remainder when 9784532 is divided by 17?
12
What is the remainder when 57010 is divided by 3474?
1426
Calculate the remainder when 79581 is divided by 3150.
831
What is the remainder when 6581846 is divided by 11309?
8
Calculate the remainder when 81038941 is divided by 2690.
1
Calculate the remainder when 316876 is divided by 277.
265
What is the remainder when 4365567 is divided by 15?
12
What is the remainder when 43690670 is divided by 16?
14
Calculate the remainder when 675266 is divided by 799.
111
What is the remainder when 58124 is divided by 2152?
20
What is the remainder when 209198155 is divided by 442?
439
Calculate the remainder when 134188 is divided by 44574.
466
What is the remainder when 98937 is divided by 11857?
4081
What is the remainder when 232877 is divided by 1848?
29
Calculate the remainder when 78129 is divided by 11715.
7839
What is the remainder when 166434 is divided by 984?
138
What is the remainder when 1386715 is divided by 231023?
577
What is the remainder when 190269 is divided by 2024?
13
What is the remainder when 131830 is divided by 52?
10
Calculate the remainder when 117092499 is divided by 9402.
9393
What is the remainder when 7402027 is divided by 125458?
5
What is the remainder when 21333984 is divided by 570?
24
Calculate the remainder when 780825 is divided by 682.
617
Calculate the remainder when 53699270 is divided by 86.
10
Calculate the remainder when 543389 is divided by 3648.
3485
Calculate the remainder when 22766872 is divided by 66765.
7
Calculate the remainder when 127340 is divided by 63644.
52
Calculate the remainder when 116687460 is divided by 4841.
4837
Calculate the remainder when 3090403 is divided by 146.
21
Calculate the remainder when 1729232115 is divided by 326.
323
Calculate the remainder when 28591 is divided by 477.
448
What is the remainder when 2723795 is divided by 272350?
295
Calculate the remainder when 6109082 is divided by 135.
62
Calculate the remainder when 1884896 is divided by 17781.
110
What is the remainder when 31608920 is divided by 657?
650
What is the remainder when 24442645 is divided by 764?
757
Calculate the remainder when 3274992 is divided by 4355.
32
What is the remainder when 810069700 is divided by 39?
37
What is the remainder when 305381 is divided by 2775?
131
What is the remainder when 3100634 is divided by 1125?
134
Calculate the remainder when 815948 is divided by 2205.
98
Calculate the remainder when 2081320 is divided by 87.
19
What is the remainder when 226965 is divided by 2213?
1239
Calculate the remainder when 175814687 is divided by 4289.
4288
Calculate the remainder when 122322 is divided by 122284.
38
What is the remainder when 80691938 is divided by 118?
116
What is the remainder when 400535 is divided by 121?
25
Calculate the remainder when 30018231 is divided by 560.
551
Calculate the remainder when 33007 is divided by 127.
114
Calculate the remainder when 11077594 is divided by 1035.
1024
What is the remainder when 16293579 is divided by 17?
14
What is the remainder when 51379027 is divided by 55?
7
What is the remainder when 161786693 is divided by 35?
33
What is the remainder when 13032513 is divided by 11?
10
What is the remainder when 1944665 is divided by 206?
25
What is the remainder when 1156378 is divided by 2234?
1400
What is the remainder when 135857 is divided by 227?
111
Calculate the remainder when 17106 is divided by 6418.
4270
Calculate the remainder when 1800942 is divided by 8828.
30
Calculate the remainder when 286418 is divided by 6686.
5606
Calculate the remainder when 184547 is divided by 2278.
29
What is the remainder when 29837 is divided by 9829?
350
What is the remainder when 9011899 is divided by 528?
523
What is the remainder when 56239 is divided by 847?
337
What is the remainder when 25909677 is divided by 8636523?
108
Calculate the remainder when 10273991 is divided by 10043.
2
What is the remainder when 11247423 is divided by 32?
31
Calculate the remainder when 18243 is divided by 16790.
1453
Calculate the remainder when 887727 is divided by 116.
95
What is the remainder when 876589 is divided by 22404?
2833
What is the remainder when 2877404 is divided by 9528?
9476
Calculate the remainder when 2700129 is divided by 18494.
5
Calculate the remainder when 156648 is divided by 1073.
1063
What is the remainder when 120535556 is divided by 1916?
1912
What is the remainder when 1084468 is divided by 636?
88
Calculate the remainder when 7738585 is divided by 1642.
1481
Calculate the remainder when 24788019 is divided by 115.
114
Calculate the remainder when 71363238 is divided by 24298.
12
What is the remainder when 3204 is divided by 1994?
1210
Calculate the remainder when 95058807 is divided by 1089.
1086
Calculate the remainder when 329394 is divided by 11343.
447
What is the remainder when 8615003 is divided by 1230708?
47
Calculate the remainder when 101918265 is divided by 41.
14
What is the remainder when 1194537 is divided by 2017?
473
What is the remainder when 5691927 is divided by 11117?
23
Calculate the remainder when 142005 is divided by 14647.
10182
Calculate the remainder when 46553 is divided by 11586.
209
Calculate the remainder when 761196311 is divided by 9.
8
What is the remainder when 20300164 is divided by 3491?
3490
What is the remainder when 1737275 is divided by 868631?
13
What is the remainder when 12318999 is divided by 27?
6
Calculate the remainder when 182939 is divided by 182770.
169
What is the remainder when 107265 is divided by 8594?
4137
Calculate the remainder when 1862654 is divided by 95.
84
What is the remainder when 2793653 is divided by 2793638?
15
What is the remainder when 183846256 is divided by 404?
400
What is the remainder when 48569 is divided by 15789?
1202
What is the remainder when 7441106 is divided by 62?
52
What is the remainder when 109427 is divided by 36459?
50
Calculate the remainder when 28396898 is divided by 169.
166
What is the remainder when 37565 is divided by 1172?
61
What is the remainder when 16815604 is divided by 16815602?
2
What is the remainder when 9290 is divided by 8371?
919
What is the remainder when 2241014 is divided by 3201?
314
Calculate the remainder when 3909594 is divided by 1954794.
6
Calculate the remainder when 905279 is divided by 194.
75
What is the remainder when 47953282 is divided by 9?
4
What is the remainder when 4864695 is divided by 30404?
55
What is the remainder when 54786072 is divided by 457?
455
What is the remainder when 509181 is divided by 10172?
581
Calculate the remainder when 83898383 is divided by 1635.
1628
Calculate the remainder when 956852818 is divided by 36.
34
Calculate the remainder when 355798 is divided by 29640.
118
What is the remainder when 238547956 is divided by 1459?
1456
Calculate the remainder when 11012150 is divided by 841.
96
What is the remainder when 41094740 is divided by 44?
16
What is the remainder when 988059 is divided by 10?
9
What is the remainder when 84969949 is divided by 1361?
1358
Calculate the remainder when 754431 is divided by 1805.
1746
What is 